{"id":41,"date":"2023-10-25T03:51:17","date_gmt":"2023-10-25T03:51:17","guid":{"rendered":"https:\/\/www.proidcontrol.com\/?page_id=41"},"modified":"2023-10-27T23:42:02","modified_gmt":"2023-10-27T23:42:02","slug":"nosotros","status":"publish","type":"page","link":"https:\/\/www.proidcontrol.com\/index.php\/nosotros\/","title":{"rendered":"NOSOTROS"},"content":{"rendered":"<p>[et_pb_section fb_built=&#8221;1&#8243; admin_label=&#8221;Header&#8221; _builder_version=&#8221;4.22.2&#8243; background_color=&#8221;#943537&#8243; background_image=&#8221;https:\/\/www.proidcontrol.com\/wp-content\/uploads\/2023\/10\/transportation-services-18.png&#8221; background_size=&#8221;initial&#8221; background_position=&#8221;bottom_left&#8221; background_blend=&#8221;multiply&#8221; global_colors_info=&#8221;{}&#8221;][et_pb_row _builder_version=&#8221;4.16&#8243; global_colors_info=&#8221;{}&#8221;][et_pb_column type=&#8221;4_4&#8243; _builder_version=&#8221;4.16&#8243; custom_padding=&#8221;|||&#8221; global_colors_info=&#8221;{}&#8221; custom_padding__hover=&#8221;|||&#8221;][et_pb_text ul_type=&#8221;circle&#8221; _builder_version=&#8221;4.16&#8243; text_font=&#8221;||||||||&#8221; text_font_size=&#8221;18px&#8221; text_line_height=&#8221;2em&#8221; ul_font=&#8221;||||||||&#8221; ul_font_size=&#8221;18px&#8221; ul_line_height=&#8221;2em&#8221; header_font=&#8221;Montserrat|700|||||||&#8221; header_font_size=&#8221;50px&#8221; header_line_height=&#8221;1.2em&#8221; text_orientation=&#8221;center&#8221; background_layout=&#8221;dark&#8221; header_font_size_tablet=&#8221;40px&#8221; header_font_size_phone=&#8221;28px&#8221; header_font_size_last_edited=&#8221;on|phone&#8221; global_colors_info=&#8221;{}&#8221;]<\/p>\n<h1>Somos Proid Control<\/h1>\n<p>L\u00edderes en eficiencia y confianza en la industria log\u00edstica<\/p>\n<p>[\/et_pb_text][\/et_pb_column][\/et_pb_row][\/et_pb_section][et_pb_section fb_built=&#8221;1&#8243; admin_label=&#8221;About us&#8221; _builder_version=&#8221;4.22.2&#8243; global_colors_info=&#8221;{}&#8221;][et_pb_row column_structure=&#8221;1_2,1_2&#8243; _builder_version=&#8221;4.16&#8243; global_colors_info=&#8221;{}&#8221;][et_pb_column type=&#8221;1_2&#8243; _builder_version=&#8221;4.16&#8243; custom_padding=&#8221;|||&#8221; global_colors_info=&#8221;{}&#8221; custom_padding__hover=&#8221;|||&#8221;][et_pb_text _builder_version=&#8221;4.16&#8243; text_font=&#8221;||||||||&#8221; text_font_size=&#8221;16px&#8221; text_line_height=&#8221;2em&#8221; header_font=&#8221;||||||||&#8221; header_2_font=&#8221;Montserrat|700|||||||&#8221; header_2_font_size=&#8221;36px&#8221; header_2_line_height=&#8221;1.4em&#8221; max_width=&#8221;700px&#8221; module_alignment=&#8221;center&#8221; header_2_font_size_tablet=&#8221;26px&#8221; header_2_font_size_phone=&#8221;20px&#8221; header_2_font_size_last_edited=&#8221;on|phone&#8221; locked=&#8221;off&#8221; global_colors_info=&#8221;{}&#8221;]<\/p>\n<h2>Proid Control\u00a0<\/h2>\n<p>En Proid Control, somos una empresa dedicada a la prestaci\u00f3n de servicios de transporte terrestre, log\u00edsticos y portuarios, comprometida con la excelencia en cada aspecto de nuestras operaciones. Nuestra historia est\u00e1 marcada por una trayectoria s\u00f3lida en la industria y un enfoque implacable en satisfacer las necesidades de nuestros clientes.<\/p>\n<p><strong>Nuestra Visi\u00f3n:<\/strong> Convertirnos en l\u00edderes indiscutibles en la industria de transporte y log\u00edstica, brindando soluciones integrales y eficientes a nivel nacional e internacional.<\/p>\n<p><strong>Nuestra Misi\u00f3n:<\/strong> Ofrecer servicios de transporte terrestre seguros y puntuales, soluciones log\u00edsticas a medida y servicios portuarios confiables que impulsen el \u00e9xito de nuestros clientes.<\/p>\n<p><strong>Nuestros Valores:<\/strong><\/p>\n<ul>\n<li>Integridad y \u00c9tica: Operamos con los m\u00e1s altos est\u00e1ndares de integridad y \u00e9tica en cada interacci\u00f3n.<\/li>\n<li>Compromiso con la Calidad: Buscamos la excelencia en todo lo que hacemos, desde la atenci\u00f3n al cliente hasta la gesti\u00f3n log\u00edstica.<\/li>\n<li>Satisfacci\u00f3n del Cliente: Nuestro enfoque principal es superar las expectativas de nuestros clientes y construir relaciones s\u00f3lidas.<\/li>\n<li>Responsabilidad Social Empresarial: Nos preocupamos por el bienestar de la comunidad y el medio ambiente, y estamos comprometidos con pr\u00e1cticas sostenibles.<\/li>\n<li>Crecimiento Sostenible: Buscamos un crecimiento sostenible y a largo plazo en la industria de transporte y log\u00edstica.<\/li>\n<\/ul>\n<p><strong>Nuestra Experiencia:<\/strong> Con a\u00f1os de experiencia en el sector, hemos establecido una reputaci\u00f3n de confiabilidad y profesionalismo. Nuestro equipo altamente capacitado y una flota moderna nos permiten brindar servicios de transporte terrestre y log\u00edstica excepcionales a nuestros clientes.<\/p>\n<p>En Proid Control, no somos solo una empresa de transporte; somos un socio de confianza comprometido con la satisfacci\u00f3n del cliente, la calidad y la excelencia en cada paso del camino. Estamos orgullosos de nuestra historia y ansiosos por un futuro lleno de logros y \u00e9xito compartido con nuestros clientes y socios.<\/p>\n<p>[\/et_pb_text][\/et_pb_column][et_pb_column type=&#8221;1_2&#8243; _builder_version=&#8221;4.16&#8243; custom_padding=&#8221;|||&#8221; global_colors_info=&#8221;{}&#8221; custom_padding__hover=&#8221;|||&#8221;][et_pb_image src=&#8221;https:\/\/www.proidcontrol.com\/wp-content\/uploads\/2023\/10\/ivan-bandura-N_FDXbXwQmc-unsplash-scaled.jpeg&#8221; title_text=&#8221;ivan-bandura-N_FDXbXwQmc-unsplash&#8221; _builder_version=&#8221;4.22.2&#8243; _module_preset=&#8221;default&#8221; global_colors_info=&#8221;{}&#8221;][\/et_pb_image][\/et_pb_column][\/et_pb_row][\/et_pb_section][et_pb_section fb_built=&#8221;1&#8243; next_background_color=&#8221;rgba(231,238,245,0.4)&#8221; _builder_version=&#8221;4.16&#8243; custom_padding=&#8221;54px|0px|101px|0px|false|false&#8221; bottom_divider_style=&#8221;ramp&#8221; global_colors_info=&#8221;{}&#8221;][et_pb_row _builder_version=&#8221;4.16&#8243; locked=&#8221;off&#8221; global_colors_info=&#8221;{}&#8221;][et_pb_column type=&#8221;4_4&#8243; _builder_version=&#8221;4.16&#8243; custom_padding=&#8221;|||&#8221; global_colors_info=&#8221;{}&#8221; custom_padding__hover=&#8221;|||&#8221;][et_pb_tabs active_tab_background_color=&#8221;#f1580b&#8221; inactive_tab_background_color=&#8221;rgba(0,0,0,0.2)&#8221; _builder_version=&#8221;4.22.2&#8243; tab_text_color=&#8221;#f7f7f7&#8243; body_font=&#8221;||||||||&#8221; body_font_size=&#8221;16px&#8221; body_line_height=&#8221;2em&#8221; tab_font=&#8221;Montserrat|700|||||||&#8221; tab_font_size=&#8221;16px&#8221; tab_line_height=&#8221;49.8px&#8221; background_color=&#8221;rgba(255,255,255,0)&#8221; custom_margin=&#8221;|||&#8221; custom_padding=&#8221;16px|0px|16px|0px|true|true&#8221; custom_css_tab=&#8221;border: none;&#8221; border_width_all=&#8221;0px&#8221; global_colors_info=&#8221;{}&#8221;][et_pb_tab title=&#8221;Compromiso con la excelencia&#8221; _builder_version=&#8221;4.16&#8243; global_colors_info=&#8221;{}&#8221;]<\/p>\n<p><span>En Proid Control, nuestro compromiso inquebrantable con la excelencia se refleja en cada aspecto de nuestras operaciones. Nuestra b\u00fasqueda constante de la calidad nos distingue en la industria de transporte y log\u00edstica.<\/span><\/p>\n<p>[\/et_pb_tab][et_pb_tab title=&#8221;Historia de \u00e9xito comprobada&#8221; _builder_version=&#8221;4.16&#8243; global_colors_info=&#8221;{}&#8221;]<\/p>\n<p><span>Nuestra larga trayectoria en el sector y nuestro historial de entregas exitosas demuestran nuestra capacidad para satisfacer las necesidades de nuestros clientes y socios comerciales. Nuestra experiencia es su garant\u00eda de confiabilidad.<\/span><\/p>\n<p>&nbsp;<\/p>\n<p>[\/et_pb_tab][et_pb_tab title=&#8221;Enfoque en el cliente&#8221; _builder_version=&#8221;4.16&#8243; global_colors_info=&#8221;{}&#8221;]<\/p>\n<p><span>En el coraz\u00f3n de nuestra empresa se encuentra un enfoque inquebrantable en la satisfacci\u00f3n del cliente. Escuchamos, adaptamos y entregamos soluciones personalizadas que superan las expectativas de nuestros clientes.<\/span><\/p>\n<p>[\/et_pb_tab][\/et_pb_tabs][\/et_pb_column][\/et_pb_row][\/et_pb_section][et_pb_section fb_built=&#8221;1&#8243; admin_label=&#8221;Testimonials&#8221; _builder_version=&#8221;4.16&#8243; background_color=&#8221;rgba(231,238,245,0.4)&#8221; global_colors_info=&#8221;{}&#8221;][\/et_pb_section][et_pb_section fb_built=&#8221;1&#8243; admin_label=&#8221;Footer&#8221; _builder_version=&#8221;4.16&#8243; background_image=&#8221;https:\/\/www.proidcontrol.com\/wp-content\/uploads\/2023\/10\/transportation-services-01.png&#8221; parallax=&#8221;on&#8221; custom_padding=&#8221;0px||0px||true&#8221; saved_tabs=&#8221;all&#8221; global_colors_info=&#8221;{}&#8221;][\/et_pb_section]<\/p>\n","protected":false},"excerpt":{"rendered":"<p>Somos Proid Control L\u00edderes en eficiencia y confianza en la industria log\u00edsticaProid Control\u00a0 En Proid Control, somos una empresa dedicada a la prestaci\u00f3n de servicios de transporte terrestre, log\u00edsticos y portuarios, comprometida con la excelencia en cada aspecto de nuestras operaciones. Nuestra historia est\u00e1 marcada por una trayectoria s\u00f3lida en la industria y un enfoque [&hellip;]<\/p>\n","protected":false},"author":1,"featured_media":0,"parent":0,"menu_order":0,"comment_status":"closed","ping_status":"closed","template":"","meta":{"_et_pb_use_builder":"on","_et_pb_old_content":"","_et_gb_content_width":"","footnotes":""},"class_list":["post-41","page","type-page","status-publish","hentry"],"_links":{"self":[{"href":"https:\/\/www.proidcontrol.com\/index.php\/wp-json\/wp\/v2\/pages\/41","targetHints":{"allow":["GET"]}}],"collection":[{"href":"https:\/\/www.proidcontrol.com\/index.php\/wp-json\/wp\/v2\/pages"}],"about":[{"href":"https:\/\/www.proidcontrol.com\/index.php\/wp-json\/wp\/v2\/types\/page"}],"author":[{"embeddable":true,"href":"https:\/\/www.proidcontrol.com\/index.php\/wp-json\/wp\/v2\/users\/1"}],"replies":[{"embeddable":true,"href":"https:\/\/www.proidcontrol.com\/index.php\/wp-json\/wp\/v2\/comments?post=41"}],"version-history":[{"count":7,"href":"https:\/\/www.proidcontrol.com\/index.php\/wp-json\/wp\/v2\/pages\/41\/revisions"}],"predecessor-version":[{"id":86,"href":"https:\/\/www.proidcontrol.com\/index.php\/wp-json\/wp\/v2\/pages\/41\/revisions\/86"}],"wp:attachment":[{"href":"https:\/\/www.proidcontrol.com\/index.php\/wp-json\/wp\/v2\/media?parent=41"}],"curies":[{"name":"wp","href":"https:\/\/api.w.org\/{rel}","templated":true}]}}